pose m + 3 - w = 2*j, 5*j - 3*m + 19 = 0. What is the units digit of b(j)?
8
Let k be (72/40)/((-1)/5). Let t = k - -48. What is the units digit of t?
9
Suppose f + f - 859 = 3*n, 1281 = 3*f + 3*n. What is the units digit of f?
8
Let k(g) = -g**3 + 7*g**2 + 5. Let b(o) = 2*o + 6. Let u be b(0). What is the units digit of k(u)?
1
Suppose 19*h - h - 15948 = 0. What is the units digit of h?
6
What is the tens digit of ((-15687)/(-84) + 22)*(-1 - -5)?
3
Let n = 91 - 55. Suppose 0 = 38*q - n*q - 232. What is the tens digit of q?
1
Let w(n) = n**2 - 8*n + 1. Let b be w(6). Let p = b + 13. Suppose 4*u - 16 = 0, 1 = p*v - v - 2*u. What is the units digit of v?
9
Suppose 0*y + y = -k + 13, 3*k - 3*y = 33. Let w(t) = t**2 - 14*t + 7. Let x be w(k). Let v = 28 + x. What is the units digit of v?
1
Suppose 0 = 4*h + 4*u - 10640, -h + 2672 = -2*u + 6*u. What is the tens digit of h?
5
Let r(c) = 18*c**2 + 9*c - 13*c**2 - c**3 - 4*c. What is the hundreds digit of r(-4)?
1
Suppose -12*n - 492 = -6*n. What is the units digit of 0 + -2 - (n + 2)?
8
Let t be ((-3)/(-3))/(3/15). Suppose -97 - 18 = -t*h. Let i = -13 + h. What is the tens digit of i?
1
Let q = 992 + 1314. What is the tens digit of q?
0
Suppose 2*g = 5*i - 2069, 12*g - 816 = -2*i + 7*g. What is the tens digit of i?
1
What is the units digit of (-3)/7 - (73988/(-28) + 1)?
1
Suppose -525 = -7*l - 0*l. Suppose -5*k = 30 + l. Let f = k - -41. What is the tens digit of f?
2
Let z be (-8 - -9)*(-6 - -1). Let q(m) be the second derivative of -m**3/6 + 7*m**2/2 + m. What is the tens digit of q(z)?
1
Suppose -5*y = -4*y. Suppose g = -y*g - 4*x - 45, -x + 129 = -4*g. Let s = 48 + g. What is the units digit of s?
5
Suppose 7*t - 200 = 2*t. Suppose -4*o = -20, -5*j + o + 47 = -j. Suppose -17*f + j*f = -t. What is the tens digit of f?
1
Let k(n) = 3*n. Let w be k(1). Suppose -2*r = -0*r - 8. Suppose 5*p - 113 = w*c, -2*p - 2*p - r*c = -84. What is the tens digit of p?
2
Suppose 2*v - 464 = t - 6*t, -4 = -2*v. Suppose -3*j + 3*a = -3, -3*j + 17 + 7 = 4*a. Suppose -j*g = -32 - t. What is the units digit of g?
1
Let y be 1/(-3) - 215/(-15). Suppose -300 = -3*z - b, 0 = 2*z + 3*b - 179 - y. Suppose z = 5*l + t, 2*l = -t + 5 + 33. What is the units digit of l?
1
Suppose -i + 310 + 674 = -5*k, 2*i - k - 1995 = 0. What is the tens digit of i?
9
Let z be (-4)/26 + 594/143. Suppose 0 = 4*w + 3*y - 23, -2*w = -z*y - 8 + 2. Suppose 0 = -3*n - 4*i + 27 + 32, -5*i = w*n - 100. What is the units digit of n?
1
Let r be -1 + (3 - -1)/(-2). Let n be (-5 - (-7 - -3))*r. Suppose 0 = -n*g - g + 144. What is the tens digit of g?
3
Let t(j) = -2*j**2 - 3*j + 21. Let s be t(5). What is the units digit of 2 - (s + (1 - 0)) - 1?
4
Let u = -37 - -41. Suppose -6*s = -u*s - 2. What is the units digit of s?
1
Let u be 604/9 + (-27)/243. Suppose h - 3 - 2 = 0. Suppose 0 = -d - h*p + 32, -3*p + 10 + u = 4*d. What is the tens digit of d?
1
Let h(a) be the third derivative of 7*a**4/8 - a**3/6 + 38*a**2. What is the tens digit of h(1)?
2
Let d = -267 + 805. What is the units digit of d?
8
Suppose 0 = 5*y + 10 + 5. Let q = y - -21. What is the units digit of (-92)/(-9) + (-4)/q?
0
Suppose 2*p - 3*p + 14 = -4*u, 2*u = -2*p - 2. Let j be (-3)/(p + (-39)/15). What is the units digit of 6/30 - (-219)/j?
4
What is the units digit of (2 - 6 - -3) + 693?
2
Let v = 15 - 15. Suppose k + 4*k - 115 = v. What is the units digit of k?
3
Let l(t) = -t. Let x(q) = -5. Let w(f) = 5*l(f) - x(f). What is the units digit of w(-2)?
5
Let i(d) = 96*d**2 + 15*d - 10. What is the tens digit of i(-5)?
1
Let j(s) = 273*s - 31. What is the hundreds digit of j(5)?
3
Suppose 8*v - 2429 = 2259. What is the units digit of v?
6
Let u(c) = 4*c**2 - 29*c + 6. What is the tens digit of u(-5)?
5
Let d(h) = -h**3 + 19*h**2 - 9*h. What is the units digit of d(13)?
7
Let g(k) = -k**3 - 23*k**2 - 5*k - 21. Let z be g(-22). What is the units digit of (-6)/14 + 1 + z/(-7)?
7
Let t be (-5 + -1 - 27/(-27)) + 12. Let a(g) = 3*g - g**3 + 0*g**3 - 4 + 0 + 7*g**2. What is the units digit of a(t)?
7
Suppose -8324 = -4*r + 3*i, 57*r - 3*i + 2081 = 58*r. What is the thousands digit of r?
2
Let v = -566 - -915. What is the units digit of v?
9
Let z(r) = -r**3 + 2*r**2 + 6*r + 8. Suppose 2*x = -4*o + 6, 0 = -3*o + 2*x - x + 17. Let p be z(o). Suppose p = -2*w - 25 + 169. What is the tens digit of w?
7
Let q(x) = x**3 - 4*x**2 - 2*x - 1. Let b = 40 + -58. Let w be (-12)/b - (-32)/6. What is the units digit of q(w)?
9
Let z(f) = -f**3 - 6*f**2 + 8*f + 9. Let t be z(-7). Suppose -t*w - 2*w = -84. What is the tens digit of w?
2
Let v(c) = c**3 - 26*c**2 - 12*c - 4. What is the units digit of v(27)?
1
Let k(c) = 10*c**2 + 8*c + 3. What is the tens digit of k(4)?
9
Suppose 3 = 3*u - 3. Let n be ((-2)/6)/(u/(-54)). Let f = 18 - n. What is the units digit of f?
9
Suppose 5*l - 3 - 22 = 0. Let k(b) = l*b**2 - 12 - 2*b**2 - 5*b + 5 + b**2. What is the units digit of k(-3)?
4
What is the tens digit of (-2 - (-1689)/6)/((-2)/(-4))?
5
Suppose 0 = 4*q - 4*b - 20, -7 = -2*q - 3*b + 8*b. Suppose 4*j - q - 4 = -3*f, -20 = -4*f - 2*j. What is the units digit of 36/15 - f/(-10)?
3
Suppose -23*n = -18*n + 15. Let v be 33/6 - n/6. What is the units digit of (-3)/v*4 - -31?
9
Let q = 25 + -23. Suppose 0 = -q*u - 5*u + 637. What is the units digit of u?
1
Let i(s) = s**2 - 5*s - 1. Let y be i(6). Suppose 3*l + 11 = -0*l + 2*o, 1 = -2*l - y*o. What is the units digit of (162/12)/(l/(-8))?
6
Let t = -101 - -151. Suppose 0 = -10*w + 9*w + t. What is the tens digit of w?
5
Let b = 45 + -47. What is the tens digit of (-26 - b)*13/(-4)?
7
Let n(j) = 3*j**3 - j**2 - 7*j - 4. Let z be n(4). Suppose 3*y + 4*p = 130, 2*y - 6*y = -2*p - z. What is the tens digit of y?
3
What is the hundreds digit of ((-17270)/88)/(15/(-72))?
9
Suppose 4*j - 50 = -j. Let b(s) = -s**3 - 12*s**2 + 11*s + 9. Let r be b(-13). What is the tens digit of (6/j)/(1/r)?
2
What is the units digit of 8 + (-40)/(-4) + 1775?
3
Let j(l) = -4*l + 5. Let i = 16 - 12. Suppose -i = -3*x - 13. What is the units digit of j(x)?
7
Let a = -31 - -31. Suppose a = 6*d - 71 - 1075. What is the units digit of d?
1
Let v(f) = f**3 + 4*f**2 - 4*f + 8. Let p be 48/(-9) - (-6)/(-9). Let a be v(p). Let z = a - -58. What is the tens digit of z?
1
Let s(l) = 11*l**2 + l + 2. What is the tens digit of s(-5)?
7
Suppose 2*h = 5*w - 13, 3*h + w - 33 = -2*w. Let q(v) be the second derivative of v**3 + 2*v**2 - 6*v. What is the tens digit of q(h)?
4
Let s be (-4)/14 + (-16)/(-7). Suppose -s*n + 7 + 1 = 0. What is the units digit of n/3 - 40/(-6)?
8
Let i = -3 + 10. Suppose -i*k + 9*k = 128. What is the tens digit of k?
6
Let w(n) = 28*n**2 + n - 2. Let t(u) = -u**3 - u**2 + 3*u + 3. Let j = -30 + 28. Let f be t(j). What is the units digit of w(f)?
7
Let y = -26 + 31. Suppose 6*d = -4*h + 3*d + 465, -y*d - 473 = -4*h. What is the hundreds digit of h?
1
Suppose -a = -h + 5 - 18, -2*h - 5*a = 33. What is the units digit of (-2)/7 - 129*6/h?
5
Let d be ((-16)/(3 - 1 - 4))/2. Suppose 0 = -5*r + d*r + 115. What is the hundreds digit of r?
1
Let x(n) = -3*n**3 + 2*n + 1. Let c(f) be the first derivative of -f**2/2 - 3*f + 1. Let z be c(-2). What is the units digit of x(z)?
2
Let v = 14 + -29. Suppose -u + 4 = -5*u. What is the tens digit of (u - 0)/1*v?
1
Suppose -2*y + 588 = 2*x + 126, -2*x + 467 = -3*y. What is the hundreds digit of x?
2
Suppose 0 = -3*a - 3, 0 = -3*z - 0*a - 2*a - 410. Let h = -12 - z. What is the tens digit of h?
2
Let n(b) = 2*b + 16. Let j be n(-14). Let q = 14 + j. What is the tens digit of (q - (-4 - -5)) + 11?
1
Suppose 808 = j + 2*x, j - x = 6*j - 3995. What is the units digit of j?
8
Suppose -34 = -4*z - 5*k, -3*z + z + 4*k = -4. Suppose 0 = z*b + 67 + 65. Let r = b + 69. What is the tens digit of r?
4
Let d(p) = -p**3 + p**2 + 3*p + 1. Let m be d(3). Let h(q) be the third derivative of -5*q**4/12 - 17*q**3/6 + 4*q**2 - 1. What is the tens digit of h(m)?
6
Suppose 0 = 5*f - 2314 - 1856. What is the hundreds digit of f?
8
Suppose 5*y + 976 = 3*c, -y + 602 + 730 = 4*c. What is the hundreds digit of c?
3
Let m(n) be the second derivative of -n**5/20 + n**4/2 + 7*n**3/6 - 4*n**2 + 5*n. What is the units digit of m(4)?
2
Suppose 72 = 4*n - 4*x - 0*x, 3*n - 50 = 2*x. S